4*v - 272. Calculate the remainder when v is divided by 0 - -3 - (1 - 3).
2
What is the remainder when (16/10)/(416/237120) is divided by 133?
114
Let q = 1472 + 1133. What is the remainder when 2618 is divided by q?
13
Let o = 88 - 44. Let i(l) = 5*l**2 + 31*l + 133. What is the remainder when i(-12) is divided by o?
41
Let p(d) = -39*d + 12 + 31*d + 20. Suppose -5 = f, 0*f + f - 51 = -2*q. Calculate the remainder when p(-9) is divided by q.
20
Let c = 15304 - 15211. Let f(k) = 3*k + 1. What is the remainder when c is divided by f(4)?
2
What is the remainder when (-10 - -586) + -13 + 3 is divided by 119?
90
Let p = -278 + 518. Calculate the remainder when 47 + ((-32)/p - (-28)/(-15)) is divided by 24.
21
Suppose k - 937 = 2*q, 0 = -q - 3*q - 5*k - 1895. Calculate the remainder when (3 + q/25)*-5 is divided by 21.
16
Suppose -170*k + 166*k = c - 65, -4*c - 4*k + 272 = 0. Calculate the remainder when c is divided by 2.
1
Let m(r) = -34*r - 572. What is the remainder when m(-21) is divided by 74?
68
Let s = 53 - 40. Let u(j) = 10*j - 307. What is the remainder when s is divided by u(31)?
1
Let n = -25 + 32. Suppose 5*q - 8*x - 4590 = -n*x, 4*q - 3691 = -3*x. What is the remainder when q is divided by 46?
45
Let g be ((-420)/(-9))/((-2)/(-6)). What is the remainder when -2 - (-55 + (-2)/2) is divided by (58/(-10) - -7)/(6/g)?
26
Let s = -15428 + 15464. Calculate the remainder when 5146 is divided by s.
34
Suppose -4*k - 2*f = 27 + 3, 4*k = -3*f - 35. Calculate the remainder when 324 is divided by (k + 39/6)*(-328)/(-6).
78
Suppose 53*j - 185*j + 6259 = -2057. Calculate the remainder when 27656 is divided by j.
62
Let w = -246 - -344. Suppose -14*c - 9 = -65. Suppose f - c - 5 = -4*k, f - 29 = k. Calculate the remainder when w is divided by f.
23
Let d(f) = 10*f - 4. Let k be d(1). Suppose 3*y + 53 = k*x - x, -2*x + 19 = y. What is the remainder when (20 + 1)/(1 - 5/x) is divided by 15?
12
Let b be (1 - 5) + (-6)/(-3). Calculate the remainder when 155 is divided by 16/b - 174/(-6).
8
Let z = -12126 - -12140. Calculate the remainder when 1175 is divided by z.
13
Suppose 0 = 11*f - 2*f - 1936 + 766. Calculate the remainder when f is divided by 31.
6
Let o(l) = -l**3 + 16*l**2 + 42. Let m = 89 + -73. What is the remainder when 50 is divided by o(m)?
8
Suppose 2*m - 263 = -5*s, -3*s = 3*m + m - 155. Let j = -10 - -5. Let f(v) = -v**3 - 3*v**2 + 5*v - 7. What is the remainder when s is divided by f(j)?
17
Let x(r) = 3*r**2 - 5*r - 6. Let t be x(-1). What is the remainder when 240 is divided by (t + (-30)/12)*108/(-2)?
24
Let o(c) = 825*c - 8554. What is the remainder when o(11) is divided by 33?
26
Let h(s) = -44*s - 5150. What is the remainder when 2080 is divided by h(-119)?
16
Let p(o) = 2*o**2 - 96*o + 540. Calculate the remainder when 547 is divided by p(43).
107
Suppose 5576 = 11*h - 5853. Calculate the remainder when h is divided by 8.
7
Let c = 5522 + -5461. What is the remainder when c is divided by 49?
12
Let s = 62 + -87. What is the remainder when 94 is divided by (s/(-2))/(16/32)?
19
Let j(c) = 28*c - 316. Let b be j(-10). What is the remainder when (-6)/(-3) + (-1 - b) is divided by 24?
21
Let u(l) be the second derivative of 5*l**4/12 - 7*l**3/6 - l**2/2 - 6*l. Calculate the remainder when ((-7)/((-14)/236))/2 is divided by u(3).
13
Let a = -8461 - -8894. Calculate the remainder when a is divided by 156.
121
Suppose -3*g = 9, -5*a - 4*g + 5*g = -18. Suppose o + o - 268 = -a*t, t - 3*o = 82. Calculate the remainder when t is divided by 20.
8
Let z be -20*((-3060)/(-16))/(-9). Let u = 438 - z. What is the remainder when 30 is divided by u?
4
Suppose 3*g = 2*u + 703, 2*g - 5*u = 100 + 354. What is the remainder when g is divided by (51471/(-76))/(-43) - ((-2)/8)/1?
13
Suppose 0 = -6*t + t + 365. What is the remainder when t is divided by (-12)/(0 - 2) + 13?
16
Let y(v) be the first derivative of -5*v**2/2 + 43*v + 66. What is the remainder when 53 is divided by y(7)?
5
Suppose 8*l = 4*l + 48. Let n(c) = c**3 - 11*c**2 - 14*c + 37. Suppose 4*i - 105 = 99. What is the remainder when i is divided by n(l)?
12
Let z(y) = -y**3 + 21*y**2 - 41*y - 26. Calculate the remainder when z(14) is divided by 77.
2
Suppose -k + 17*j = -173, -3*k + 5*j - 108 = -7*k. Calculate the remainder when (-1 - 2/(-6))*-441 is divided by k.
35
Let f(j) = -2*j**2 - 11*j + 9. Let l be f(-6). Suppose -l*p + 13 + 29 = -2*o, -56 = -4*p + 4*o. Calculate the remainder when 64 is divided by p.
8
Suppose p = -7*p - 19*p + 8559. Calculate the remainder when p is divided by 72.
29
Let v = 2 + 1. Suppose -7*t - 224 = -21*t. Suppose 0*y + 3*y - 2*b = t, 4*y - 5*b = 33. What is the remainder when v is divided by y?
1
Suppose 5 = 11*g - 28. Let f be 172 - ((-2 - 4) + 3). What is the remainder when 1/(g/12) + f is divided by 45?
44
Let c(r) = -r**2 - 100*r + 731. What is the remainder when c(-100) is divided by 11?
5
Suppose 0*m = -m - 12. Let d = m + 25. Suppose -5*f - u = -26, 4*f - u = 3*u + 16. Calculate the remainder when d is divided by f.
3
Suppose -36*i - 66*i = -6*i - 23520. What is the remainder when 765 is divided by i?
30
Let q(b) = -20*b**2 + 229*b - 9. Calculate the remainder when q(10) is divided by 47.
46
Let r(p) = -p**2 - 3*p + 14. Let k be r(3). Let f be (54/(-24))/(3/k). Suppose -1290 = -f*o - 3*o. Calculate the remainder when o is divided by 31.
29
Let f(w) = -w**2 - 13*w - 11. Let j be f(-12). What is the remainder when (34/j - -1) + -2 is divided by (-162)/2025 - (-452)/25?
15
Suppose -1 - 14 = -4*k - c, 3 = -3*c. Suppose u - 29 = k. Calculate the remainder when 103 is divided by u + -1 + (2 - -1).
33
Let g = -394822 + 394858. Calculate the remainder when -7*(1 - 2)*20 is divided by g.
32
Let i = -4756 + 4921. What is the remainder when i is divided by 17?
12
Suppose -p + 740 = 8*m, 0*m = 2*p - m - 1497. What is the remainder when p is divided by 30?
28
Suppose 53*t - 7679 = -2856. What is the remainder when 343 is divided by t?
70
Let n = -4530 + 6082. Calculate the remainder when n is divided by 771.
10
Let f(o) = 2*o**3 + 27*o**2 - 24*o - 19. Calculate the remainder when f(-14) is divided by 71.
50
Suppose 0 = 4*n + 3*n - 56. Let w be (-1)/2*36*n/12. Let q = w - -140. Calculate the remainder when q is divided by 13.
11
Let s(h) = h**2 - 5*h - 9. Let f = -20 - -20. Suppose 2 + f = -x. Calculate the remainder when 12 is divided by s(x).
2
Let l(n) = 5*n**3 - n. Let k be l(1). Suppose -38 = -k*g + 2*s, g - 6*s = -4*s + 8. What is the remainder when (-71)/(-4) - (-12)/48 is divided by g?
8
Suppose 3*l - 11*l = -3384. Suppose 0 = 7*k - 1193 + l. Let u = -62 + k. Calculate the remainder when u is divided by 10.
8
Let x(r) = 4*r**2 - 73*r + 124. Calculate the remainder when x(-16) is divided by 58.
54
Let g(m) = 4*m + 40. Let k be g(-7). Let t(s) = 34*s - 252. Calculate the remainder when t(k) is divided by 18.
12
Let b = -97 + 178. Suppose -1613 = -70*y - 143. Calculate the remainder when b is divided by y.
18
Let l(v) = 89*v + 3959. Let s be (-806)/(-4) + 1/(-2). Suppose -5*j - 26 + s = 0. Calculate the remainder when l(-43) is divided by j.
27
Suppose 0 = 180*m - 17036 - 11729 - 6875. Calculate the remainder when m is divided by 9.
0
Suppose -65088 = -256*w + 4*w - 2340. Calculate the remainder when 719 is divided by w.
221
Suppose -2*s - 1 = -9. Let g = 161 - 103. Let x = -51 + g. Calculate the remainder when x is divided by s.
3
Suppose 2*x = 4*y + 758, 274*x - 269*x - 5*y - 1970 = 0. Suppose o - s - 57 = 0, 247 = 3*o + 3*s + 64. What is the remainder when x is divided by o?
55
Suppose -135 = -5*p - r, 3*r + 27 = -2*p + 3*p. Let c(l) = 5*l - 89. Calculate the remainder when 179 is divided by c(p).
41
Suppose 0 = 2*f - 147 + 15. Let z be (-5 + (-20)/(-5))*f. Let k = z + 76. What is the remainder when 28 is divided by k?
8
Suppose 3*w - 5*r - 21 = 0, w = 2*w + 4*r + 10. Let g(z) = -72 + 2*z**2 + 0*z**w + 79. What is the remainder when g(-3) is divided by 13?
12
Suppose 53 = -7*f - 31. What is the remainder when 60 + (f/(-15) - (-3)/15) is divided by 32?
29
Let k(c) = 68*c - 808. What is the remainder when k(22) is divided by 15?
13
Let d = -24790 - -26401. Calculate the remainder when d is divided by 164.
135
Suppose -2*a + 6551 = -386*i + 389*i, 3*i + 3*a -